 o(-10)?
3
Let o(a) = a**3 - 4*a**2 + 2*a + 2. Give o(4).
10
Let w(q) = -q**3 - 2*q**2 + 2*q + 3. Give w(-3).
6
Let z(k) = k**3 - k**2 - 41*k + 14. Give z(7).
21
Let h(c) = c**2 - 13*c + 35. Determine h(7).
-7
Let m(j) = j**2 - 10*j + 20. Calculate m(6).
-4
Let r(l) = -l**2 - l + 8. Determine r(4).
-12
Let w(n) = -n**3 - 10*n**2 + 12*n + 6. Calculate w(-11).
-5
Let z(u) = -9*u**2 - 2*u + 7. What is z(-3)?
-68
Let j(m) = m**2 - 9*m - 20. Give j(11).
2
Let r(s) = -3*s - 48. Determine r(5).
-63
Let z(o) = -o**3 - 11*o**2 - 2*o + 5. Determine z(-11).
27
Let l(g) = -4*g + 20. Determine l(-9).
56
Let q(s) = s**3 - 6*s**2 - 6*s - 11. What is q(7)?
-4
Let u(j) = 73*j**2 + 2*j + 2. Determine u(-1).
73
Let d(t) = -5*t + 44. Calculate d(13).
-21
Let b(w) = 2*w**3 + 14*w**2 + 2*w + 5. Determine b(-7).
-9
Let s(o) = -o**3 - 14*o**2 + 2*o + 19. Give s(-14).
-9
Let o(z) = z**2 - 2*z + 3. What is o(0)?
3
Let t(a) = -5*a - 4. Determine t(-6).
26
Let d(o) = o**3 - 6*o**2 + 14*o + 12. Give d(3).
27
Let k(p) = -p**3 + 7*p**2 - 2*p - 4. Give k(6).
20
Let g(q) = -3*q**2 + 44*q + 5. Determine g(14).
33
Let d(t) = -t**2 - 6*t + 1. What is d(-6)?
1
Let j(z) = -3*z - 12. What is j(-10)?
18
Let n(m) = -m**3 + m**2 + 2*m. What is n(-2)?
8
Let c(r) = -17*r - 21. What is c(-4)?
47
Let b(c) = -c**3 + 14*c**2 - 44*c - 14. Give b(9).
-5
Let m(p) = p**2 + 20*p + 30. What is m(-18)?
-6
Let r(y) = y**2 + 24*y - 213. Calculate r(-30).
-33
Let l(w) = -w**3 + 5*w**2 - 4*w - 5. Give l(4).
-5
Let x(l) = -l + 27. Calculate x(16).
11
Let a(s) = -16*s + 32. Determine a(2).
0
Let w(f) = -f**2 - 14*f - 5. Calculate w(-13).
8
Let k(t) = -t - 13. Determine k(-11).
-2
Let y(d) = -d**3 + 4*d**2 + 3*d - 1. Calculate y(5).
-11
Let i(d) = -2*d**2 + 60*d - 5. Calculate i(30).
-5
Let x(f) = f**3 - 49*f**2 + 46*f + 92. Give x(48).
-4
Let n(r) = r**2 + 6*r + 1. Determine n(-4).
-7
Let q(a) = -a**3 - a**2 + 7*a - 3. Determine q(5).
-118
Let t(f) = 2*f - 16. What is t(6)?
-4
Let c(z) = -50*z - 2. What is c(1)?
-52
Let d(l) = 16*l - 10. Calculate d(1).
6
Let l(x) = 19*x**2 - x - 1. What is l(1)?
17
Let m(g) = 2*g**2 - 80*g + 69. What is m(39)?
-9
Let s(i) = -2*i**2 + 15*i + 9. Give s(7).
16
Let f(b) = -b**2 - 31*b + 72. Determine f(-33).
6
Let g(h) = h**3 - 9*h**2 + 8*h. What is g(8)?
0
Let l(y) = -y**2 + 2*y + 54. Determine l(9).
-9
Let j(d) = d**2 + 2*d - 5. Determine j(4).
19
Let g(v) = -v**3 - 12*v**2 - 9*v + 7. What is g(-11)?
-15
Let z(h) = -h**3 + 9*h**2 + 12*h - 10. What is z(10)?
10
Let h(m) = m**3 - m**2 - 2*m - 3. Calculate h(3).
9
Let z(k) = k**3 - 24*k**2 + 19*k + 93. Determine z(23).
1
Let i(t) = t**2 + 16*t - 26. Give i(-16).
-26
Let w(v) = -3*v**2 - 37*v - 21. Determine w(-12).
-9
Let b(v) = -v**3 - 25*v**2 + 53*v - 41. Calculate b(-27).
-14
Let r(x) = -2*x**2 + x + 5. Give r(-4).
-31
Let v(c) = -4*c**2 - c. Give v(-2).
-14
Let b(h) = 33*h + 10. Give b(2).
76
Let r(t) = -10*t**2 - 2*t - 1. Determine r(2).
-45
Let f(n) = -n**3 + 9*n**2 - 1. What is f(9)?
-1
Let z(f) = f**2 + 5*f - 4. Give z(-3).
-10
Let k(q) = 45*q + 3. What is k(1)?
48
Let n(w) = -2*w**2 - 23*w - 13. Determine n(-11).
-2
Let b(y) = -4*y**3 + 2*y**2 - 7*y + 4. Calculate b(1).
-5
Let u(p) = -p**3 - p**2 - 3*p - 16. Determine u(-2).
-6
Let i(j) = j**2 - 3*j - 24. Give i(7).
4
Let q(n) = 5*n + 130. Calculate q(-9).
85
Let o(l) = 40*l + 96. What is o(-4)?
-64
Let z(w) = -w**2 - 13*w - 56. Determine z(-7).
-14
Let p(m) = -18*m + 170. What is p(10)?
-10
Let b(y) = -29*y**2 - y. What is b(1)?
-30
Let f(n) = n**3 - 5*n**2 - 16*n - 20. What is f(8)?
44
Let q(c) = 2*c + 13. Calculate q(7).
27
Let y(s) = s**2 - 13*s + 28. Give y(8).
-12
Let m(i) = -i**2 - 4*i - 3. Calculate m(-4).
-3
Let m(q) = -q**3 - 27*q**2 - 23*q + 35. Give m(-26).
-43
Let g(u) = -u**2 - 2*u - 5. Calculate g(-3).
-8
Let y(c) = -9*c + 5. Calculate y(-1).
14
Let x(w) = -w**3 + 3*w**2 + 6*w + 6. What is x(5)?
-14
Let x(d) = 8*d**3 - d**2 - d + 7. Determine x(0).
7
Let u(t) = -34*t - 1630. Determine u(-48).
2
Let k(m) = m**3 - 5*m**2 - 7*m + 1. Give k(6).
-5
Let p(f) = 2*f**2 + 2*f. Calculate p(-2).
4
Let z(k) = k**3 + 8*k**2 - 2*k + 65. Give z(-9).
2
Let s(y) = y**3 + 28*y**2 + 28*y + 46. What is s(-27)?
19
Let p(t) = -t**2 + 7*t + 3. Give p(11).
-41
Let t(v) = -2*v**3 + 31*v**2 - 13*v - 24. Determine t(15).
6
Let o(s) = s**2 + s - 8. Determine o(0).
-8
Let g(i) = i**3 + 4*i**2 + i - 3. Determine g(-4).
-7
Let h(z) = -12*z**3 + 2*z + 3. Calculate h(-1).
13
Let u(t) = 3*t + 35. Give u(-15).
-10
Let t(r) = r**2 + 8*r - 7. What is t(-9)?
2
Let a(i) = -i**2 - 11*i - 13. What is a(-7)?
15
Let j(m) = m**2 + 3*m - 8. Calculate j(6).
46
Let r(u) = -48*u - 141. Give r(-3).
3
Let v(k) = k**2 - 10*k - 47. What is v(14)?
9
Let h(p) = -p**3 + 16*p**2 - 34*p - 4. What is h(14)?
-88
Let m(n) = n**3 - 8*n**2 + 2*n + 5. Give m(7).
-30
Let g(a) = -8*a + 5. Calculate g(-5).
45
Let f(r) = -r**3 - 8*r**2 - 10. Give f(-8).
-10
Let h(y) = 2*y + 6. Give h(0).
6
Let j(o) = -o**3 - 2*o**2 - 2*o + 1. Determine j(2).
-19
Let x(t) = -19*t - 2. Determine x(1).
-21
Let q(z) = -9*z + 1. Give q(1).
-8
Let y(c) = -c**3 + 4*c**2 + 8*c - 11. Determine y(5).
4
Let i(g) = g**2 + 6*g - 6. Determine i(-6).
-6
Let x(j) = -j**3 - 11*j**2 - 2*j + 9. Determine x(-8).
-167
Let w(d) = 4*d - 32. Give w(10).
8
Let l(j) = -6*j - 8. Give l(-4).
16
Let d(l) = -l**3 + 6*l**2 - 7*l + 20. Give d(5).
10
Let r(t) = t**3 - 20*t**2 + 23*t - 8. Calculate r(19).
68
Let d(t) = -28*t - 87. What is d(-3)?
-3
Let q(f) = 12*f**2 - 23*f - 3. What is q(2)?
-1
Let b(v) = 86*v + 49. What is b(-1)?
-37
Let u(c) = -40*c + 3. What is u(1)?
-37
Let n(u) = 4*u + 40. What is n(-23)?
-52
Let p(u) = 6*u + 37. Calculate p(-8).
-11
Let t(s) = 9*s + 104. What is t(-12)?
-4
Let y(g) = g**3 - g**2 - 7*g - 2. Calculate y(-3).
-17
Let k(o) = -24*o**2 + 2*o + 1. Give k(-1).
-25
Let g(s) = 2*s**2 - 5*s - 4. Calculate g(-1).
3
Let a(n) = 3*n**2 - 1. Determine a(-1).
2
Let f(r) = r**2 - 16*r + 21. Give f(15).
6
Let b(c) = -2*c - 26. Calculate b(-5).
-16
Let x(j) = 26*j + 287. Calculate x(-11).
1
Let v(y) = 2*y - 28. Determine v(14).
0
Let w(k) = -k. Determine w(2).
-2
Let j(w) = -3*w - 47. What is j(0)?
-47
Let l(d) = 20*d**2 - 2*d - 1. Calculate l(-1).
21
Let r(q) = q**3 - 23*q**2 - 20*q + 28. Give r(24).
124
Let p(l) = 7*l**3 - 55*l**2 - 10*l - 9. Calculate p(8).
-25
Let s(m) = 2*m**2 + 6*m + 3. Determine s(-2).
-1
Let o(b) = 4*b - 2. What is o(-2)?
-10
Let a(y) = -y**3 - 8*y**2 + y - 9. What is a(-9)?
63
Let s(c) = -2*c**2 + 20*c + 5. Give s(10).
5
Let g(t) = -4*t**2 - 10*t - 3. Give g(-1).
3
Let g(s) = -9*s - 5. What is g(-2)?
13
Let w(b) = 4*b + 38. Calculate w(21).
122
Let w(c) = -c**3 - 11*c**2 - 11*c - 19. Determine w(-10).
-9
Let q(v) = -51*v**2 + 1. Determine q(-1).
-50
Let u(c) = 2*c**2 + 2*c - 5. What is u(-4)?
19
Let m(i) = i**3 - 13*i**2 + 8*i + 51. Calculate m(12).
3
Let v(o) = -9*o**2 + o + 1. Determine v(-2).
-37
Let r(i) = -i**3 + 6*i**2 + 17*i - 14. What is r(8)?
-6
Let w(c) = -c**3 - 9*c**2 + 22*c + 1. Determine w(-11).
1
Let f(m) = m**3 - 26*m**2 - m + 51. Calculate f(26).
25
Let r(l) = l - 10. Calculate r(-6).
-16
Let w(a) = -2*a**3 + 2*a**2 + a + 8. Give w(3).
-25
Let x(a) = a**3 - 3*a**2 - 6*a - 1. What is x(4)?
-9
Let y(c) = -2*c**3 - 4*c**2 + c + 2. What is y(-3)?
17
Let i(q) = q**3 + 32*q**2 - 35*q - 71. Give i(-33).
-5
Let x(n) = -n**2 - 16*n + 20. What is x(-17)?
3
Let n(m) = -4*m**2 + 4*m - 4. Calculate n(3).
-28
Let c(x) = 3*x - 22. Calculate c(10).
8
Let y(d) = -68*d. Calculate y(1).
-68
Let j(z) = -28*z**3 + 2*z**2 - z - 2. Give j(1).
-29
Let k(a) = a**3 + 11*a**2 - 19*a - 9. Determine k(-12).
75
Let w(k) = 35*k - 223. Determine w(6).
-13
Let b(p) = p**2 - 11*p + 5. Determine b(12).
17
Let q(g) = 3*g**2 + 6*g. Determine q(-4).
24
Let w(g) = -2*g**2 + 36*g - 139. What is w(12)?
5
Let f(t) = -t**3 + 4*t**2 + 7*t + 7. Calculate f(6).
-23
Let r(n) = -25*n + 30. What is r(2)?
-20
Let s(f) = 3*f**2 - 8*f - 10. Give s(7).
81
Let p(l) = -l**3 + 22*l**2 - 20*l - 46. What is p(21)?
-25
Let c(m) = 4*m**2 + 2*m - 5. Determine c(-2).
7
Let q(p) = p**3 - 13*p**2 + 30*p + 5. Determine q(10).
5
Let c(l) = 4*l**2 - 69*l + 20. Determine c(17).
3
Let b(t) = -22*t + 53. What is b(3)?
-13
Let u(n) = n**2 - 11*n - 55. Determine u(-4).